iple of 6?
False
Is 478127 a multiple of 8?
False
Is 891 a factor of 10559524?
False
Is 427 a factor of 5074053?
False
Is 88470 a multiple of 18?
True
Does 179 divide 704729?
False
Is 618 a factor of 8881780?
False
Is 2583267 a multiple of 360?
False
Does 38 divide 73074?
True
Is 9 a factor of 63261?
True
Is 9 a factor of 428364?
True
Is 16 a factor of 1266074?
False
Is 218931 a multiple of 675?
False
Is 173 a factor of 4840353?
False
Is 5149989 a multiple of 117?
True
Does 702 divide 10143900?
True
Is 857300 a multiple of 34?
False
Is 4464992 a multiple of 224?
True
Is 36 a factor of 727498?
False
Does 51 divide 109866?
False
Does 535 divide 262034?
False
Is 139351 a multiple of 45?
False
Is 6 a factor of 83730?
True
Is 7735520 a multiple of 130?
True
Does 55 divide 4402365?
True
Does 146 divide 9052?
True
Does 828 divide 22544051?
False
Is 21 a factor of 549465?
True
Is 16 a factor of 587888?
True
Does 122 divide 292678?
True
Is 552735 a multiple of 45?
True
Is 285 a factor of 46761?
False
Does 10 divide 1565770?
True
Is 103840 a multiple of 41?
False
Does 108 divide 11866716?
True
Is 489185 a multiple of 260?
False
Does 514 divide 3425810?
True
Is 2024681 a multiple of 97?
True
Does 18 divide 298944?
True
Is 83168 a multiple of 92?
True
Is 29 a factor of 439408?
True
Is 2689680 a multiple of 15?
True
Does 209 divide 496558?
False
Is 4927191 a multiple of 92?
False
Does 28 divide 21124558?
False
Does 24 divide 1197456?
True
Is 249001 a multiple of 8?
False
Is 39 a factor of 1957995?
True
Is 5539999 a multiple of 1220?
False
Is 6 a factor of 2123766?
True
Does 14 divide 7501340?
True
Does 17 divide 3935104?
False
Is 4354646 a multiple of 14?
False
Does 90 divide 1814400?
True
Does 2 divide 200382?
True
Is 40402 a multiple of 86?
False
Does 129 divide 47214?
True
Is 57619 a multiple of 181?
False
Is 81 a factor of 79542?
True
Is 28182 a multiple of 11?
True
Is 49 a factor of 1389836?
True
Is 77 a factor of 980595?
True
Is 59 a factor of 115980?
False
Does 45 divide 13837050?
True
Is 318 a factor of 317899?
False
Is 40 a factor of 23243479?
False
Is 5 a factor of 95623?
False
Does 65 divide 592930?
True
Does 9 divide 16230?
False
Is 20 a factor of 1938440?
True
Is 37 a factor of 166796?
True
Does 22 divide 5761910?
True
Is 27 a factor of 2032931?
False
Does 5 divide 61314?
False
Is 7758630 a multiple of 165?
True
Does 1270 divide 14466802?
False
Is 843227 a multiple of 226?
False
Is 31 a factor of 13547?
True
Is 6 a factor of 3418428?
True
Is 312 a factor of 5376070?
False
Is 364 a factor of 12108824?
True
Is 47 a factor of 28739?
False
Does 55 divide 2185260?
True
Does 67 divide 2005508?
False
Is 130 a factor of 1752949?
False
Does 23 divide 21850?
True
Is 505 a factor of 19968710?
True
Is 10953786 a multiple of 663?
False
Is 322 a factor of 1270986?
False
Is 412528 a multiple of 332?
False
Is 121104 a multiple of 9?
True
Is 118562 a multiple of 5?
False
Does 29 divide 215760?
True
Is 170 a factor of 4642530?
True
Is 1531362 a multiple of 101?
True
Is 283 a factor of 670993?
True
Is 682856 a multiple of 452?
False
Is 2 a factor of 19011?
False
Is 7 a factor of 21809?
False
Is 20076 a multiple of 239?
True
Is 72 a factor of 19662058?
False
Does 105 divide 465523?
False
Does 103 divide 160577?
True
Is 56 a factor of 81816?
True
Does 233 divide 150518?
True
Is 2018365 a multiple of 5?
True
Does 186 divide 13801014?
True
Does 358 divide 43676?
True
Is 2 a factor of 16706?
True
Is 411642 a multiple of 21?
True
Does 2 divide 1927214?
True
Does 38 divide 169792?
False
Does 461 divide 163056?
False
Is 23 a factor of 425255?
False
Is 14 a factor of 41811?
False
Is 111 a factor of 63270?
True
Is 6 a factor of 1774620?
True
Is 179075 a multiple of 19?
True
Is 27 a factor of 135151?
False
Is 1847212 a multiple of 473?
False
Is 3740 a multiple of 3?
False
Is 45 a factor of 154071?
False
Is 7354 a multiple of 12?
False
Is 362550 a multiple of 502?
False
Does 297 divide 3858327?
True
Does 100 divide 14130400?
True
Is 7 a factor of 1037006?
False
Does 15 divide 2748295?
False
Does 3 divide 87618?
True
Does 359 divide 4172657?
True
Is 23 a factor of 96922?
True
Does 7 divide 518561?
False
Is 1271774 a multiple of 1245?
False
Is 24 a factor of 707640?
True
Does 521 divide 966060?
False
Does 19 divide 716667?
False
Is 71 a factor of 805353?
True
Is 1884065 a multiple of 109?
True
Is 31 a factor of 1581?
True
Does 5 divide 148158?
False
Is 1899443 a multiple of 7?
True
Does 190 divide 234753?
False
Does 53 divide 15888234?
True
Is 56824 a multiple of 99?
False
Is 199971 a multiple of 17?
True
Does 16 divide 8336593?
False
Does 99 divide 635085?
True
Is 597822 a multiple of 6?
True
Is 881 a factor of 27760889?
False
Is 257 a factor of 38036?
True
Is 509 a factor of 713358?
False
Is 4 a factor of 1028304?
True
Is 112 a factor of 25312?
True
Is 681 a factor of 6000966?
False
Does 17 divide 1902096?
True
Is 12146249 a multiple of 88?
False
Is 551342 a multiple of 10?
False
Is 854686 a multiple of 287?
True
Is 113620 a multiple of 115?
True
Does 46 divide 1099990?
False
Is 52 a factor of 414417?
False
Does 20 divide 266737?
False
Does 330 divide 3588817?
False
Does 55 divide 361141?
False
Is 13 a factor of 763529?
True
Is 11254600 a multiple of 50?
True
Is 17053047 a multiple of 166?
False
Is 1048834 a multiple of 4?
False
Is 231 a factor of 437283?
True
Does 248 divide 280495?
False
Does 11 divide 361692?
False
Is 591072 a multiple of 7?
False
Is 156 a factor of 101904?
False
Is 222509 a multiple of 133?
True
Is 93 a factor of 290513?
False
Is 641459 a multiple of 33?
False
Is 24 a factor of 1623072?
True
Is 549 a factor of 1482777?
False
Is 12 a factor of 29616?
True
Does 518 divide 1441594?
True
Does 13 divide 478617?
False
Is 9 a factor of 75275?
False
Is 1704090 a multiple of 15?
True
Does 168 divide 49840?
False
Is 300 a factor of 116700?
True
Is 676 a factor of 145470?
False
Is 14041610 a multiple of 214?
True
Does 258 divide 2019366?
True
Is 12 a factor of 125886?
False
Is 3168735 a multiple of 755?
True
Is 19 a factor of 1757688?
False
Is 3615900 a multiple of 51?
True
Is 61 a factor of 441348?
False
Does 748 divide 972503?
False
Does 276 divide 1278156?
True
Is 4442194 a multiple of 16?
False
Is 6576109 a multiple of 33?
False
Is 7303588 a multiple of 477?
False
Does 8 divide 2790528?
True
Does 30 divide 61507?
False
Is 15 a factor of 79768?
False
Does 87 divide 65598?
True
Is 116844 a multiple of 273?
True
Is 224 a factor of 1726816?
True
Does 4 divide 791130?
False
Is 2259942 a multiple of 6?
True
Is 128486 a multiple of 25?
False
Is 22568 a multiple of 28?
True
Does 85 divide 397375?
True
Is 41642 a multiple of 3?
False
Does 62 divide 211668?
True
Is 40 a factor of 6015547?
False
Does 7 divide 153778?
False
Does 709 divide 977711?
True
Is 260 a factor of 4792580?
True
Is 371223 a multiple of 81?
True
Is 14 a factor of 146832?
True
Is 5 a factor of 41416?
False
Is 178 a factor of 334659?
False
Is 454 a factor of 340769?
False
Is 554876 a multiple of 133?
True
Is 193 a factor of 2924143?
True
Is 170940 a multiple of 21?
True
Is 118 a factor of 360400?
False
Is 258 a factor of 292330?
False
Is 292491 a multiple of 65?
False
Is 83 a factor of 237214?
True
Does 21 divide 51604?
False
Is 87 a factor of 12416550?
False
Is 205058 a multiple of 361?
False
Is 425 a factor of 154410?
False
Is 11 a factor of 137125?
False
Does 2 divide 139009?
False
Is 57 a factor of 6372201?
True
Is 14 a factor of 454482?
True
Is 9 a factor of 301973?
False
Does 279 divide 23994?
True
Does 102 divide 201144?
True
Is 3178665 a multiple of 5?
True
Does 191 divide 13068984?
True
Does 72 divide 619776?
True
Does 9 divide 7196333?
False
Does 16 divide 1824832?
True
Is 699978 a multiple of 40?
False
Is 136 a factor of 554336?
True
Is 5 a factor of 391175?
True
Does 454 divide 11005414?
True
Does 5 divide 218251?
False
Is 52949 a multiple of 24?
False
Is 2983242 a multiple of 40?
False
Is 22 a factor of 11308?
True
Is 2471 a factor of 830256?
True
Does 87 divide 3256271?
False
Does 14 divide 236460?
True
Is 8 a factor of 75944?
True
Does 14 divide 2333058?
True
Does 219 divide 235076?
False
Is 1310 a factor of 19676200?
True
Is 11386 even?
True
Is 5 a factor of 75971?
False
Is 21 a fa